common factor of g and 56?
28
Suppose 3*g = 762 - 174. Calculate the greatest common divisor of g and 49.
49
Let w(q) = -q**3 + 31*q**2 - 19*q - 194. Let m be w(30). Calculate the highest common factor of 374 and m.
34
Suppose 4*o = 2*v - 10, 4*v = 2*o + 11 + 3. What is the highest common factor of 45 and v?
3
Let c be (10/8)/(5/20). Suppose -2*r + 482 = c*a, -4*r = 2*a - 0*r - 196. Let y be (-3 - (-4 - 13)) + -2. Calculate the greatest common factor of a and y.
12
Let d(u) = -4*u + 2. Let m(l) = 4*l - 2. Let i(k) = 4*d(k) + 5*m(k). Let c be i(5). Let z = -27 - -45. Calculate the greatest common divisor of c and z.
18
Let n(v) = v**2 - 20*v + 200. Let t be n(0). Calculate the greatest common factor of 64 and t.
8
Let k(p) = 7*p - 1. Let j be k(2). Let c(f) be the first derivative of -8*f**2 - 6*f + 3. Let t be c(-2). Calculate the highest common divisor of t and j.
13
Let j = 119 - 79. Let c = -29 - -52. Suppose 83 = t + c. Calculate the greatest common factor of t and j.
20
Let j(a) = 7*a - 66. Let c be j(10). What is the highest common factor of c and 44?
4
Let j(u) = 2*u + 4. Let l be 0/((-4)/12*-3). Let p be j(l). Suppose 4*m + 28 = 2*s, p*s = -0*m + 3*m + 51. What is the highest common factor of s and 6?
6
Suppose 20*g + 693 = 29*g. What is the greatest common factor of g and 14?
7
Let g = 41 + -26. Suppose 41*w - 880 + 265 = 0. What is the highest common divisor of w and g?
15
Let d be (-16)/10*(-62 - (5 + -7)). Calculate the highest common factor of d and 304.
16
Let w(z) = 71*z - 43. Let m be w(8). What is the highest common divisor of m and 50?
25
Let v = 358 + -238. Calculate the highest common factor of v and 96.
24
Suppose -29*i + 24*i = -5025. Calculate the greatest common factor of i and 45.
15
Suppose -212 = -32*z - 84. Suppose 0*t + 4*s + 20 = t, 4*t + 3*s - 42 = 0. Calculate the highest common factor of z and t.
4
Let f be (-236)/(-12) - (-6)/18. Calculate the highest common factor of 170 and f.
10
Let m be -75*6*6/(-45). Calculate the greatest common factor of 105 and m.
15
Let b be (28/(-21))/(2/(-6)). Suppose -m = -4*l + 17 - 8, -12 = -b*m. Let g be 759*(l + -6)/(-9). What is the greatest common divisor of g and 23?
23
Let l = 61 + -59. Suppose -l*q + 540 = 3*q. What is the greatest common factor of 12 and q?
12
Let f(a) = -a**3 - 15*a**2 + 34*a + 2. Let l be f(-17). What is the highest common divisor of 19 and l?
1
Let z = -5 - -13. Suppose z = w - 2*j, -6*w - 4*j = -4*w - 8. Let f = -68 - -110. What is the highest common divisor of w and f?
6
Let o be (158*-1)/(-2)*1. Let s = o + -73. Calculate the greatest common factor of s and 2.
2
Let j = 1116 + -469. Let y = j - 351. What is the greatest common divisor of 37 and y?
37
Let k be (5/(-2))/(2/(-132)). Let r = -3 + 7. Suppose i - k = -r*i. Calculate the highest common divisor of 22 and i.
11
Suppose o + 4 = 0, 9*y - 12*y + 29 = 4*o. What is the greatest common divisor of y and 25?
5
Let w = 1439 - 988. Let s = w + -264. What is the highest common factor of 17 and s?
17
Let s(m) = -m**3 - 18*m**2 - 19*m - 10. Let o be s(-17). Calculate the highest common factor of o and 30.
6
Let l(g) = g**2 + 5*g - 3. Let p be l(-6). Let t = 621 - 618. Calculate the highest common divisor of t and p.
3
Suppose 2*n - 1 = 1. Let j be -37 + n*(-3 - -4). Let v be (j/6)/(1/(-12)). What is the highest common divisor of 8 and v?
8
Let s = 500 + -350. What is the highest common factor of 390 and s?
30
Let x = -245 - -344. What is the highest common divisor of x and 36?
9
Let x(v) = v**3 - 6*v**2 - 10*v + 7. Let p be x(7). Let z be 8/(-20) - -1 - 104/40. Let j = z - p. Calculate the highest common factor of j and 60.
12
Suppose 66 = -18*g + 336. Let v = 19 + g. What is the highest common factor of 51 and v?
17
Suppose -23 = -2*j + 13. Suppose -25 = -7*n + 38. Calculate the greatest common divisor of j and n.
9
Let z(n) = -n**3 + 3*n**2 + n + 3. Let c be z(4). Let o = -110 + 102. Let k = o - c. What is the greatest common factor of 5 and k?
1
Let p be -1*1/(0 + 1). Let d(j) be the second derivative of -13*j**3/3 + j**2/2 - 53*j - 2. Let v be d(p). Calculate the greatest common divisor of 3 and v.
3
Suppose 11 = 3*l - 25. Suppose -158 = -5*x - 2*c, 3*c + 2*c = 4*x - 133. Let a = x - 8. What is the highest common divisor of l and a?
12
Let f be 294/18 - 17 - (-101)/3. What is the greatest common factor of 6 and f?
3
Let h(f) = f**3 + 6*f**2 - 7*f - 3. Let u be h(-7). Let m(a) = -a**3 - a**2 - 2*a + 1. Let c be m(u). What is the highest common divisor of c and 25?
25
Suppose -72*b + 71*b - 490 = 0. Let h = 826 + b. What is the highest common factor of 48 and h?
48
Let q(c) = -c**3 + 15*c + 1. Let t be q(-4). Suppose 0*w + w = t*a - 4, w = -a + 8. Calculate the highest common factor of w and 24.
6
Suppose -n - 1 + 3 = 0. Suppose 4*k - 80 = 5*k - 3*o, -152 = 2*k - 2*o. Let y = k - -90. What is the greatest common factor of n and y?
2
Let v(l) = -150*l + 84. Let r be v(-4). What is the greatest common divisor of 144 and r?
36
Let d(n) = 5*n**2 - 3*n - 4. Let y be d(-3). Suppose 0*g + 5*g = y. What is the greatest common factor of 30 and g?
10
Suppose 0 = 29*a - 6489 + 225. Calculate the highest common divisor of 81 and a.
27
Let v be 33*12/27 - 6/9. Calculate the greatest common factor of 6 and v.
2
Let r = -77 - -55. Let b = r - -24. Let t be 2 + (-2 - b) + 80. Calculate the highest common factor of t and 26.
26
Let p(h) = h**3 - 5*h**2 + 10*h. Let g be p(6). What is the greatest common factor of 864 and g?
96
Let x(z) = z**3 - 8. Let f be x(0). Let j = 12 + f. Let i be (-98)/(-8) + (-1)/j. Calculate the greatest common factor of i and 8.
4
Let n be (41 - -3)/((-12)/(-42)). Calculate the highest common factor of 539 and n.
77
Let d be (36/150*-5)/((-8)/1260). Calculate the highest common divisor of d and 54.
27
Let o(q) = 106*q**2 - 3*q + 1. Let m be o(1). Suppose m - 41 = 3*r. Let p be (-27)/(-12) - (-3)/4. What is the greatest common factor of r and p?
3
Let u be (6 - 20/4)/(1/(-5)). Let z be (-75)/(-30)*(-8)/u. What is the highest common factor of z and 2?
2
Let w be (-396)/18 - (0 + 1). Let s = w + 17. Let r be s*(-44)/4 + -2. Calculate the highest common divisor of 16 and r.
16
Let y be 64/10 + (51/(-15) - -3). Suppose -76 = y*r - 706. Calculate the highest common divisor of 35 and r.
35
Let d = -343 + 376. What is the highest common divisor of 55 and d?
11
Let b be 8/32*(1 - -91). What is the highest common divisor of b and 23?
23
Let r(j) = 9*j + 63. Let g be r(-13). Let b be 1 + (2/(-2) - -28). Let o be (b/(-42))/(2/g). What is the greatest common divisor of 18 and o?
18
Suppose 2*u + 4*q + q = 384, 0 = -3*u + 3*q + 555. Calculate the highest common factor of u and 11.
11
Let f(j) be the second derivative of -j**4/12 + 3*j**3/2 - 11*j**2/2 - 10*j. Let n be f(6). Calculate the greatest common divisor of n and 63.
7
Suppose 272*k - 270*k - 37 = -z, 4*k = 5*z + 67. Suppose 14 + 13 = j + 5*w, 0 = 5*w - 25. Calculate the greatest common divisor of j and k.
2
Let z = -52 - -60. Suppose 5 = y - 0. Suppose -4*p = 5*c - 2*p - 96, y*p + 90 = 4*c. Calculate the highest common divisor of c and z.
4
Let a = 367 - 364. What is the greatest common factor of a and 129?
3
Let w = 652 + -638. What is the greatest common divisor of 294 and w?
14
Suppose 2*l - 14 - 78 = 5*j, 4*l - j = 220. Let d = l + -54. Calculate the greatest common factor of d and 16.
2
Let g be (-1 + 2)*(-5 - -41). Let j be (-32)/12*1/2*-9. Suppose j*l = 16*l - 216. What is the greatest common factor of l and g?
18
Suppose 2*i = -i - 30. Let s be (-64)/(-20) - (-2)/i. Suppose 8 = 4*w - s*w. Calculate the greatest common factor of 32 and w.
8
Let o(b) = -9*b**3 - 2*b**2 - 11*b - 4. Let d be o(-3). Suppose y + 1 = -5*x + 43, 5*y + 3*x = d. What is the highest common divisor of 39 and y?
13
Let h(f) = -2*f**2 + 4*f + 1. Let g(k) = 1. Let j(s) = -g(s) + h(s). Let v be j(3). Let y be 172/20 + v/10. What is the highest common divisor of 8 and y?
8
Suppose 5*d = 6*y - 3*y - 457, 3*y - 3*d - 447 = 0. Suppose 0 = 3*b - 5*b + y. Calculate the greatest common divisor of b and 8.
8
Suppose -3*g + u - 1459 = -4338, -1925 = -2*g - 5*u. Calculate the greatest common factor of 16 and g.
16
Let r be (-1)/((-10)/8 + 1). Let c be 12*(r - 5/4). Calculate the